12. What is d(o)?
86
Let d(w) = -97*w + 15. Let p be d(-2). Let s = -211 + p. Let o(h) = h**2 + h - 3. Determine o(s).
-1
Let n(j) = 43*j**3 - 18*j**2 - j + 7. Let c(s) = 43*s**3 - 13*s**2 - s + 5. Let p(k) = 4*c(k) - 3*n(k). Calculate p(1).
43
Suppose 0 = -x - a - 2, x - 48*a - 10 = -52*a. Let d(w) = -20*w - 118. Give d(x).
2
Let u(r) = r**3 - 23*r**2 + 23*r - 42. Let d be u(22). Let q be (d/35)/(2/(-7)). Let x(h) = -q*h + 44 - 44. What is x(-2)?
4
Suppose -r + 9 - 7 = u, 8*r - u = 106. Let z(o) be the third derivative of -o**5/60 + 13*o**4/24 + o**3/2 - o**2. Calculate z(r).
15
Let g(m) be the third derivative of 7/24*m**4 - 1/60*m**5 - 5/6*m**3 + 0*m - 6*m**2 - 9. Determine g(5).
5
Let p(k) = 6*k**3 - 2*k + 1. Let g = -20129 - -20130. Determine p(g).
5
Suppose -6 = 4*y + 14. Let p(o) = 2*o + 4. Let u be p(y). Let c(z) = -z**3 - 5*z**2 + 7*z + 3. Let a be c(u). Let b(t) = 9*t + 4. What is b(a)?
-23
Let l(y) = 14 - 635431*y + 635433*y - 22. Let d = 11 + -18. Determine l(d).
-22
Let d(c) = 6*c**2 + 92*c + 52. Let z(m) = 8*m**2 + 95*m + 53. Let y(f) = 6*d(f) - 5*z(f). Calculate y(20).
-13
Let s(h) = 60 + 36*h + 160 + 284. Calculate s(-14).
0
Let f(g) = 3 - 6 + 6*g**2 - g - 14*g**2 - g - g. Calculate f(-2).
-29
Suppose -7*j = -9*j + 55752. Let p(z) = -z**2 + j*z + 2*z**2 - 27874*z. What is p(4)?
24
Let a(n) = -n**2 + n + 16. Suppose -4*h + 4 = 4*b, 7*b - 4*b = -12. Suppose -3*l + 5 + 5 = -q, 2*q = h*l - 15. Calculate a(q).
-4
Let b(a) = -17*a**2 - 4*a + 279. Let t(m) = -2*m**2 + m + 7. Let v(x) = -b(x) + 8*t(x). Determine v(-22).
-3
Let g(u) = u**2 - 9*u + 42. Let m be g(5). Let k(i) = -m*i**2 - 2*i + 57*i**2 + 2 - 40*i**2. Give k(-2).
-14
Let z(v) be the second derivative of v**4/12 + v. Let t(n) = -n**3 + 30*n**2 + 31*n + 4. Let s be t(31). Let a be s/(22/(-14) + (-15)/35). Determine z(a).
4
Suppose -5*l + c + 14 = 0, -13*l + 11*l + 3*c = -16. Let v(u) be the third derivative of 0 - 1/3*u**3 + 0*u - 1/24*u**4 - 4*u**l. What is v(-5)?
3
Let f(c) = 10*c - 81. Let l(q) = -2*q + 18. Let j(n) = 4*f(n) + 18*l(n). Let p be 2/((4/(-5))/(-4)). Let o be ((-2)/(-5))/(4/p). What is j(o)?
4
Let r(w) = w**3 - 18*w**2 - 18*w - 15. Let d(x) = -55*x + 5574. Let n be d(101). Calculate r(n).
4
Let c(t) = 3*t**3 + 5*t**3 - 2*t**3 - 2*t - 2*t**2 - 5*t**3 + 1 - 2. Suppose 11 = -2*j + 51. Let w be (-5)/(j/3)*-4. Calculate c(w).
2
Suppose 1092 = -2130*x + 2221*x. Let s(b) = 2*b**2 - 25*b + 14. What is s(x)?
2
Let v(h) = -5*h - 8. Let q(s) = 2*s - 3*s + 1 + 2*s. Let g(x) = 6*q(x) + v(x). Let t be (2 - 10/15)*21/4. What is g(t)?
5
Suppose n + 60 = -3*v + 74, 5*v - 2*n - 49 = 0. Let a(i) = i**2 + 10*i - 113. What is a(v)?
6
Suppose 13*y + 7*y = -108 - 32. Let c(w) = 3*w**2 + 21*w + 16. Calculate c(y).
16
Let m = -1 + 5. Suppose -24 = -m*v - 5*f, -2*f - 5 - 13 = -3*v. Let d(n) = v*n + 2*n**2 + 8*n + 3*n - 14*n - 1. What is d(2)?
13
Let q be 15/4 + 6/(-8). Let z be 151/6 - 1/18*q. Let a = 17 - z. Let n(u) = u**2 + 9*u + 2. What is n(a)?
-6
Let d(r) = r**2 + 14*r + 45. Let b = 1266 + -1276. Calculate d(b).
5
Let n(q) be the second derivative of q**6/360 + q**5/12 + 3*q**4/8 - 13*q**3/2 + q**2 + 143*q. Let g(b) be the second derivative of n(b). Calculate g(-6).
-15
Let r(b) = b - b**2 + 232 - 114 - 116. Suppose 13*x + 601 - 562 = 0. Give r(x).
-10
Let q be 26/(-3) - 1/3. Let y = -271 - -273. Let w(t) = -5*t + 6 - y*t - 1 + 11*t**2 - 12*t**2. Determine w(q).
-13
Let z(d) = 2*d**2 + 3*d - 1. Let v = 98 + -100. Let y(r) = r**2 + 4*r + 3. Let t be y(v). Let g(i) = -i**2 + 1. Let f(c) = t*z(c) - g(c). Calculate f(-3).
0
Let b(t) = -64*t**2 + 18*t + 22*t**2 + 17 + 24*t**2 + 19*t**2. Calculate b(-13).
-48
Let n = -112 + 158. Let i(d) = 9*d + 4. Let t be i(-6). Let x = t + n. Let k(o) = o**3 + 5*o**2 + 5*o. Give k(x).
-4
Suppose 5*j - 423 = n - 404, -j + 23 = -5*n. Let y(u) = 6*u - 2 + 4 + u + 0*u. Determine y(j).
23
Suppose 5*u + 17 = -2*q, 4*u + 23 = -3*q - u. Let c(k) = 2*k + 14. Let d be c(q). Let g(z) = -4*z**2 + 1 + d*z + 11*z**3 - 3*z - 6*z**3 - 4*z**3. Give g(3).
-11
Let a(z) be the third derivative of z**6/120 + z**5/60 + z**4/24 - 5*z**3/6 + 3579*z**2. What is a(2)?
9
Suppose 47*x - 46*x = 4. Suppose -25*v + 21*v = -s + 25, x = 4*s. Let n(q) = -q**3 - 7*q**2 - 5*q - 6. Determine n(v).
-12
Suppose -5909 - 619 = -12*i. Let g(z) = -1 + i*z + 7*z**2 + z**3 - 1092*z + 542*z. What is g(-8)?
-17
Suppose 4*s = -2*u - 18, -3*s + 28*u = 31*u + 18. Let x(y) = 4*y**2 - 3*y + 5. Give x(s).
50
Let f(s) be the third derivative of 5*s**4/24 - 13*s**3/3 + 1052*s**2. Determine f(5).
-1
Suppose -3*l = 9*l - 24. Let s(n) = -6 - 2*n**l + n**2 - 6*n + 2*n**2 + n. Let v be 1/((-6)/(-15))*2. Calculate s(v).
-6
Let l(t) be the first derivative of -t**3/3 - t**2/2 - 4*t - 24. Suppose -9*z + 7*z - 262 = 0. Let k = 131 + z. Calculate l(k).
-4
Let x(k) be the first derivative of k**3/3 + 3*k**2/2 + k - 21. Let p = -205 + 200. What is x(p)?
11
Suppose 0 = -3*x - 0*g - 4*g + 2, -g - 3 = -x. Let v be -3*(6/2 - 5) + -4. Let z(r) = 47*r**3 - 2 + v*r - 94*r**3 + 6*r**x + 46*r**3. Calculate z(6).
10
Let h(f) be the first derivative of f**6/20 - f**5/60 + f**3/6 + 25*f**2/2 - 1. Let j(a) be the second derivative of h(a). Give j(1).
6
Let v(d) = -4*d**3 - 55*d**2 + 15*d + 15. Suppose 0 = b - t + 13, 5*b + 42 + 26 = 2*t. Determine v(b).
1
Let l(y) = 16*y - 21. Let x be 1*1/(-6 + 22/4)*-4. Determine l(x).
107
Let u(l) = -l**3 - 13*l**2 - 12*l. Let o(g) = 9*g - 8*g**2 + 13*g - 3*g**2 + g**3 - 12 - 2*g**2. Let n be o(11). What is u(n)?
0
Let q(i) = 3*i - 16. Let y(w) = -w**3 + 4*w**2 + 7*w - 4. Let j be (-18)/(-4) + 4/8. Let a be y(j). Calculate q(a).
2
Let l(p) = -29833*p + 59644*p - 29833*p + 91. Determine l(4).
3
Let h = 2 - 2. Let z(l) be the second derivative of l**3/6 - 3*l**2/2 + 2*l + 9939. Determine z(h).
-3
Suppose -5 + 21 = -2*k. Let l(y) be the second derivative of 4/3*y**3 + 31*y + 0 - 5/2*y**2 + 1/12*y**4. What is l(k)?
-5
Let l(y) = -11*y**3 + 19*y**2 - 23*y + 54. Let i(f) = 13*f**3 - 20*f**2 + 23*f - 66. Let a(d) = 5*i(d) + 6*l(d). Give a(12).
6
Let u(h) = -16*h**2 + 14*h - 3. Let v(f) = -f**2 - f + 1. Let m(d) = 18*d**2 - 17*d + 5. Let c(y) = -m(y) + 2*v(y). Let w(n) = 5*c(n) - 6*u(n). Determine w(-3).
-6
Let r(d) = -7*d**3 - 2*d**2 - 2*d - 2. Let m be r(-1). Let i(a) = -10*a + 1. Let h(b) = 11*b - 2. Let y(w) = -5*h(w) - 6*i(w). What is y(m)?
29
Let h(n) = -8 + 5338223*n + 2*n**2 - n**2 - 5338223*n - n**3. What is h(0)?
-8
Let d(c) = 2*c**3 + 5*c**2 - 2*c + 4. Suppose 5*w + 11 = -2*o, 13*w - 7 = 12*w - 5*o. Give d(w).
1
Let m(k) = 1 + 2 - k + 2*k - 4. Let w(v) = v - 3. Let b be w(5). Let i(y) = y**2 + 6*y - 2. Let h(t) = b*m(t) - i(t). Give h(-5).
-5
Let f(l) be the third derivative of l**4/24 - 7*l**3/3 + 117*l**2. Let o be f(10). Let b(n) = -6*n - 1. Give b(o).
23
Let r(b) = b**3 - b**2 - 3*b - 1. Suppose -2*q + 801 = -5*z - 964, -3*q - 1765 = 5*z. Let p = z + 352. What is r(p)?
0
Let d(o) be the first derivative of 2*o**4 - 4*o**3/3 - 7*o**2/2 + o + 20. Let s(l) = l**3 - l**2 - l. Let v(x) = d(x) - 5*s(x). What is v(-2)?
-15
Let l(s) = -34*s**3 + 24*s**2 + 26*s + 1. Let q be l(-1). Let v(y) = -y**3 + 34*y**2 - 41*y + 266. Determine v(q).
2
Let a(y) = -y**3 + 5*y**2 + 4*y - 1. Suppose -k = -8*k + 301. Suppose -10 = 3*r + 3*f - k, 4*f - 20 = 0. Calculate a(r).
-13
Let j(w) be the first derivative of -w**5/4 - w**4/12 - w**3/6 - 15*w**2/2 - 123. Let g(a) be the second derivative of j(a). Calculate g(-1).
-14
Let l be 3/(-2)*(-2)/(-3). Let y(q) = 4*q + 27. Suppose -3*x - v = 10, 3*v - v - 10 = 0. Let o(w) = 2*w + 16. Let t(f) = x*o(f) + 3*y(f). What is t(l)?
-1
Let b(p) = -p - p - p**2 - 9 + p. Let j = -8359 + 8359. Give b(j).
-9
Suppose 2*z - 24 = -c, 3*z + 51 = 8*z - 2*c. Let m(h) = -3*h - 16. Let n(p) = 15*p + 85. Let d(v) = z*m(v) + 2*n(v). Calculate d(0).
-6
Let k(y) = y**3 - 3*y**2 + 5*y. Let w be k(2). Let r(q) = -q**2 + 10*q + 5. Let z(o) = -o. Let u(x) = r(x) + 4*z(x). What is u(w)?
5
Let d(h) = h - 3 + 1 + 0*h. Let k(f) = -f**3 + 23*f**2 + 79*f + 54. Let r be k(26). Let g = r - 75. Give d(g).
3
Let v(p) = -33*p - 136. Let k(w) = 39*w + 137. Let h(y) = 6*k(y) + 7*v(y). What is h(42)?
-4
Let f(w) = -w**3 + 8*w**2 - 7*w - 7. Let l = 133 - 168. Let u = 42 + l. Determine f(u).
-7
Let s(